{"id":487,"date":"2012-01-13T18:27:15","date_gmt":"2012-01-13T17:27:15","guid":{"rendered":"http:\/\/blitzgestalten.de\/blog\/?page_id=487"},"modified":"2015-03-24T23:11:48","modified_gmt":"2015-03-24T22:11:48","slug":"impressum","status":"publish","type":"page","link":"https:\/\/blitzgestalten.de\/blog\/impressum\/","title":{"rendered":"Impressum"},"content":{"rendered":"<p>E-Mail: kontakt@blitzgestalten.de<\/p>\n<p>Inhaltlich Verantwortlicher gem\u00e4\u00df \u00a710 Absatz 3 MDStV: Michael Bals &amp; Alexander Beck<\/p>\n<p>Haftungshinweis: Trotz sorgf\u00e4ltig inhaltlicher Kontrolle \u00fcbernehmen wir keine Haftung f\u00fcr die Inhalte externer Links. F\u00fcr den Inhalt der verlinkten Seiten sind ausschliesslich deren Betreiber verantwortlich.<\/p>\n<p><a title=\"Erg\u00e4nzungen zum Haftungshinweis\" href=\"https:\/\/blitzgestalten.de\/blog\/erganzungen-zum-haftungshinweis\/\">Erg\u00e4nzungen zum Haftungshinweis<\/a><\/p>\n","protected":false},"excerpt":{"rendered":"<p>E-Mail: kontakt@blitzgestalten.de Inhaltlich Verantwortlicher gem\u00e4\u00df \u00a710 Absatz 3 MDStV: Michael Bals &amp; Alexander Beck Haftungshinweis: Trotz sorgf\u00e4ltig inhaltlicher Kontrolle \u00fcbernehmen wir keine Haftung f\u00fcr die Inhalte externer Links. F\u00fcr den Inhalt der verlinkten Seiten sind ausschliesslich deren Betreiber verantwortlich. Erg\u00e4nzungen zum Haftungshinweis<\/p>\n","protected":false},"author":1,"featured_media":0,"parent":0,"menu_order":0,"comment_status":"open","ping_status":"closed","template":"","meta":[],"_links":{"self":[{"href":"https:\/\/blitzgestalten.de\/blog\/wp-json\/wp\/v2\/pages\/487"}],"collection":[{"href":"https:\/\/blitzgestalten.de\/blog\/wp-json\/wp\/v2\/pages"}],"about":[{"href":"https:\/\/blitzgestalten.de\/blog\/wp-json\/wp\/v2\/types\/page"}],"author":[{"embeddable":true,"href":"https:\/\/blitzgestalten.de\/blog\/wp-json\/wp\/v2\/users\/1"}],"replies":[{"embeddable":true,"href":"https:\/\/blitzgestalten.de\/blog\/wp-json\/wp\/v2\/comments?post=487"}],"version-history":[{"count":10,"href":"https:\/\/blitzgestalten.de\/blog\/wp-json\/wp\/v2\/pages\/487\/revisions"}],"predecessor-version":[{"id":2520,"href":"https:\/\/blitzgestalten.de\/blog\/wp-json\/wp\/v2\/pages\/487\/revisions\/2520"}],"wp:attachment":[{"href":"https:\/\/blitzgestalten.de\/blog\/wp-json\/wp\/v2\/media?parent=487"}],"curies":[{"name":"wp","href":"https:\/\/api.w.org\/{rel}","templated":true}]}}